 + d, 15 = j + 5*w. Suppose -5*h - 2*b - 31 = j, h - 4*h - 18 = b. Give g(h).
10
Let k(w) = -2*w**3 + 10*w**2 + 2*w - 15. Suppose -3*l = 3, -x - 1396*l + 10 = -1401*l. Calculate k(x).
-5
Let t = 10600 - 10600. Let i(g) = -6*g + 3. Calculate i(t).
3
Let x = 142 - 141. Let i(a) = 5*a**3 + 2*a**2 - a. Determine i(x).
6
Let l(g) = 3068 - 6101 - g + 3056. Determine l(13).
10
Suppose 0 = -4*k + 3*k - 51. Let z be (-147)/k - (-16)/136. Suppose 4*w - 5*m + 15 = 0, z*w - m + 0 + 3 = 0. Let o(x) = -x + 10. Give o(w).
10
Let d(b) be the third derivative of 1/3*b**3 + 27*b**2 + 0 + 1/60*b**6 - 1/60*b**5 + 1/24*b**4 + 0*b. Calculate d(2).
16
Let n(m) = -m**3 - 2*m**2 + 3*m + 26. Let t(s) = s**3 + 2*s**2 - 4*s - 28. Let a(j) = 3*n(j) + 2*t(j). Calculate a(0).
22
Let s = 513 - 452. Let c(x) = -24*x**3 - 20*x**3 - 21*x**3 - 1 + s*x**3 + 5*x**2 - 4*x**2. Give c(1).
-4
Let i(w) = w**2 - 3*w - 133. Let d be i(-10). Let j(s) = -17*s - 4. Calculate j(d).
47
Let g(i) be the first derivative of 9*i**2/2 + 170. Let o be (-2 - -3) + (1 - 3). What is g(o)?
-9
Let q(g) = g**2 + 3*g + 4. Let u = 410 + -411. Give q(u).
2
Let u(s) = -6*s - 20. Let h be u(-4). Suppose 2*r = 3*p - r - 192, 3*r = -h*p + 263. Let k(c) = 6*c**2 + p + 6*c + c**3 - 31 - 32. Give k(-5).
-3
Let t(v) = -5*v**3 - 6*v**2 - v + 11. Let r(a) = -a**3 - a**2. Let n be (-420)/(-56)*8/10*1. Let h(s) = n*r(s) - t(s). Give h(0).
-11
Let f(m) = 2*m - 6*m - 3*m. Let w = -96 - -99. Suppose 0 = u + 3*r - 1, -4*u = -w*u + 5*r - 1. Calculate f(u).
-7
Let h(p) be the second derivative of 11/2*p**2 - 1/2*p**3 + 5*p + 1. What is h(5)?
-4
Suppose 4*m = 5*m, 3*r - m - 6 = 4*m. Let x(w) be the first derivative of -1/3*w**3 + 5*w**r - 12*w - 13. Determine x(9).
-3
Let b(i) = -i**3 + 19*i**2 + 20*i + 27. Suppose -44 = -2*k - 4*v, 39 = 3*k - 2*v - 19. Determine b(k).
27
Let h(z) be the second derivative of z**4/12 + 8*z**3/3 + 55*z**2 - 1487*z - 2. Calculate h(-7).
47
Suppose -3*b = -5*m + 53, 30*b - 32*b = 12. Let s(f) = -f**2 + f. Give s(m).
-42
Suppose -4*j - 3 = 3*m + 3, 0 = -2*m + j - 15. Let k(g) be the third derivative of g**6/120 + 7*g**5/60 + g**4/12 - 5*g**3/6 - 275*g**2 - 5*g. Determine k(m).
19
Let m(l) = l**2 - 315*l - 2919. Let u be m(-9). Let r(x) = -155*x - 471. Give r(u).
-6
Let p = 3638 - 3642. Let k(s) = 9*s**2 + 1 + 2 - 7*s**2 + 3*s. What is k(p)?
23
Let q(l) = l**3 - l**2 - 240*l + 10. Let o be q(16). Let b(c) = -c**2 + 5*c + 43. What is b(o)?
-7
Let w be (-4)/7 + 440/1155*(-171)/12. Let h(f) = -5 + 2 - 2*f + 8*f. Determine h(w).
-39
Let k be (1/3)/(3 + 940/(-315)). Let l = k - 18. Let w(r) = -9*r**2 - r**3 + 7*r + l*r**2 + 7 + 0*r**2 + 2*r**2. Give w(-5).
-3
Let x(b) = -9*b**2 - b - 5. Suppose 0 = -536*i + 516*i - 40. Give x(i).
-39
Let r(v) = -5*v**3 - 2*v**2 - 6*v - 3. Let a be (272/40 + -7)*5. Determine r(a).
6
Let m be (-6)/4 + 20/8. Let n be m - (-1)/(0/1 + 1). Let w(y) = 0*y**n + 0*y**2 + 2*y + 5*y - 5 - y**2. Give w(6).
1
Let o(r) = -4*r + 3705 - 1243 - 1251 - 1239. Determine o(-6).
-4
Let y(h) = 2*h - 6. Let o(z) = 13*z - 192. Let g be o(15). Let q be (-4)/((-4)/g) - (-32 - -33). What is y(q)?
-2
Let c(z) be the second derivative of 5*z**4/12 + 7*z**3/6 + z**2 + 1014*z. Give c(-2).
8
Let h(p) = 3*p - 4*p**2 - 154*p**3 - 162*p**3 + 4 + 0*p**2 - 2*p + 315*p**3. What is h(-4)?
0
Let a(d) be the second derivative of 1/4*d**4 - 3*d**2 - d - 1/20*d**5 + 1/3*d**3 + 0. Let w = 163 - 159. What is a(w)?
-14
Suppose -2*m - 10 = 3*y - 26, 4*m = 4*y - 48. Let x(v) = -v**3 + 10*v**2 - 15*v - 15. Calculate x(y).
-7
Let k(n) = -n**2 + 5*n - 1. Let y be k(7). Let z be (-5)/y + (-120)/9 - -3. Let g(q) = 0 - q + 2 + 2 - 3. What is g(z)?
11
Let w(f) = -11*f**2 - 2*f - 19. Let a(q) = -18*q**2 - 5*q - 32. Let d(o) = 3*a(o) - 5*w(o). Suppose 0 = 2*n - 6 - 4. Calculate d(n).
-1
Let s(b) = b**2 - 841 + 6*b**2 + 836 - 17*b + 0*b**3 - b**3. Let r(y) = -2*y**3 + 13*y**2 - 36*y - 11. Let p(z) = -4*r(z) + 9*s(z). Calculate p(10).
9
Let s(m) = 394 - 360 + m + m**2 + 21*m + m. What is s(-22)?
12
Let x(m) = m**3 + 3*m**2 - m + 1. Let u(q) = 3*q**2 - 10*q + 7. Let r be u(5). Let k(y) = 2*y**3 - 64*y**2 + 2. Let p be k(r). What is x(p)?
19
Suppose -2*o - 2*o + 1 = -3*s, -5 = -5*s + 5*o. Suppose s*w - w = 32. Let r(u) = 7*u - w + 1 - 2*u**2 + 3*u**2 + 0. Give r(-7).
-7
Let w(m) = 5*m - 5 - 10740*m**2 - 2 + 10737*m**2 - 2*m + 11. Calculate w(3).
-14
Let g(k) = 4*k**2 - k - 1. Let j = 2604 + -2605. Calculate g(j).
4
Suppose -144 - 140 + 382 = 7*g. Let k(s) = -s**3 + 14*s**2 + s - 1. Give k(g).
13
Suppose v = -3*v + 12. Let x(q) = -20 - 8 - 4*q - 2*q - 17 + 54 - 12. Determine x(v).
-21
Let q(u) be the first derivative of u**3/3 - 3*u**2/2 + u + 1. Let m(x) = -2*x - 25. Let g be m(-17). Suppose -s = -5*d + g, -d + 3*s - 5*s = -4. Give q(d).
-1
Let d(s) = 7*s**2 - 2*s + 1. Suppose 0 = -3*u - 263 + 362. Suppose 16*v - u = -1. Give d(v).
25
Let o be ((-5)/8)/(((-25)/(-40))/(-5)). Let d(k) = -18*k + 97. What is d(o)?
7
Suppose -r = -s - 8, -r + 6*r = -s + 10. Let j(y) = -18*y**3 + 23*y**3 - 2 - 2*y**2 - 4*y**3. What is j(r)?
7
Suppose 0 = 5*w - 4*c - 186, -5*w - 5*c + 191 = -4. Let s = w - 38. Let x(k) be the first derivative of -k**4/4 - k**3/3 - k**2/2 + 12*k - 96. Calculate x(s).
12
Let w(q) = -15*q - 25. Let d(z) = 7*z + 12. Let v(u) = -13*d(u) - 6*w(u). Suppose 18*l - 788 = 14*l. Let i = 191 - l. What is v(i)?
0
Let v be 78/12 - (4 - (28/8 + 2)). Let m(d) = d**2 + 11*d - 27. Give m(v).
125
Let p(v) = -7*v + 6. Let j(u) = -6*u + 6. Suppose -4 = -4*q + 16. Let i be (2/6)/((-53)/(-18) - 3). Let d(a) = i*j(a) + q*p(a). Calculate d(8).
2
Let p(l) = -l**3 - 23*l**2 - 32*l - 34. Let w(j) = j**3 + 22*j**2 + 34*j + 35. Let u(n) = -4*p(n) - 3*w(n). Let a be u(-25). Let i(b) = -2*b + 19. Give i(a).
7
Let v(g) = -2*g**2 - 39*g - 86. Let l(y) = y**2 - y - 4. Let m(x) = -4*l(x) - v(x). What is m(23)?
33
Suppose -25 + 82 = o. Suppose -2*h - 195 = -7*h + 3*f, -3*f = h - o. Let q be 3*(-7)/h*0/(-2). Let a(t) = -t**2 + 8. What is a(q)?
8
Let m(c) = 2*c + 0*c + 6*c. Let a(k) = -k**3 - 11*k**2 - k - 12. Let n be a(-10). Let v be n/(-561)*(-11)/(-2). Determine m(v).
8
Let t(c) = c**2 + 1. Let i(d) = 4*d**2 + 23*d - 3. Let s(h) = -i(h) + 3*t(h). Let f be s(-23). Let r(q) = -19*q - 3 - 18*q + 59*q - 14*q - q**2. What is r(f)?
9
Let x(c) = -35*c - 75. Let w be x(-8). Suppose w*z = 201*z - 28. Let b(n) = -n**2 - 7*n - 2. Give b(z).
-2
Let f = -129327 + 129311. Let p(w) be the third derivative of -w**5/60 - 2*w**4/3 + w**3/2 - w**2. Determine p(f).
3
Let r(b) = -205*b - 1024. Let m be r(-5). Let c(u) = -68*u**3 + u**2 - 1. What is c(m)?
-68
Let h(t) be the third derivative of t**8/960 - t**7/1260 - t**6/720 + t**4/12 + t**3/6 - 17*t**2. Let u(z) be the second derivative of h(z). Determine u(-1).
-8
Let z(y) be the third derivative of -y**5/60 + 2*y**4/3 - 55*y**3/6 + 2981*y**2. What is z(12)?
-7
Let i(h) = 5*h - 11. Let p(x) = -4*x + 10. Let y(m) = -2*m + 1. Let b be y(3). Let g(d) = b*i(d) - 6*p(d). Let s be (-8)/3*((-6335)/(-280) + -23)*0. Give g(s).
-5
Suppose 3*h + 12 = 33. Let u(x) = -41*x - 6. Let j(z) = 36*z + 5. Let f(l) = -8*j(l) - 7*u(l). What is f(h)?
-5
Let k(q) be the third derivative of -q**5/60 + q**4/8 + q**3/3 + 8*q**2. Let z(i) = -6*i. Let s be z(-1). Let g be 8/5*15/s. Give k(g).
-2
Let d = -17 + -67. Let y = d + 80. Let q(s) = -5. Let z(a) = -a + 4. Let i(p) = y*q(p) - 5*z(p). What is i(3)?
15
Let r(b) = 25*b**2 - 20*b**2 - 3*b - 189*b**3 - 4 + 188*b**3. Suppose -16 = -4*t + 4. Give r(t).
-19
Let n(x) be the second derivative of -x**4/2 - x**2 + 270*x + 4. Give n(2).
-26
Let l(o) = 61*o**3 - 8*o**2 - 60*o**3 - 8*o**2 + 1 - 10*o**2 + 17*o**2 + 28*o. Determine l(4).
33
Let p(t) = 5*t + 13. Let h(s) = -2*s + 10*s + 36 + 4*s + 2*s. Let g(o) = -4*h(o) + 11*p(o). Determine g(3).
-4
Let z(n) = -n**3 - 24*n**2 + 28*n + 77. Suppose -q = x + 25, -4*q = -x - 214 + 189. Calculate z(x).
2
Let n(p) be the third derivative of -13*p**4/24 - 15*p**3/2 + 38*p**2 + 5*p. Calculate n(-3).
-6
Let o(p) = -15*p**2 + 119 - p**3 + 124 - 90 - 1708845*p + 1708870*p. Determine o(-16).
9
Let j(o) be the second derivative of o**5/20 + 2*o**4 + 4*o**3 + 18*o**2 - 1772*o. What is j(-23)?
13
Let p(h) = -7*h**2 - 2*h + 5. Let l(w) = w**2 + w - 1. Let d be 1 + 4 - (-5 